) = -m**3 + 4*m**2 - 2*m - 5. Let k(o) = -o**2 + 10*o + 58. Let t be k(14). Give z(t).
-1
Suppose -5*s - 2*g = -7 - 16, -3*g = 4*s - 24. Suppose -15 = s*p + 2*p. Let c(b) = -b**3 - 2*b**2 + b + 1. Calculate c(p).
7
Suppose -2*u + 7*u = 15. Suppose 3*q = -2*h + 39, 5*h = 3*q + q + 109. Let s(j) = 17*j**2 - h*j**2 - j + j**3 - 1 + 4*j. Calculate s(u).
-1
Let k(q) = 5*q**2 + 4*q - 5. Let t(u) = 3*u**2 + 3*u - 3. Let w(m) = -3*k(m) + 4*t(m). What is w(-2)?
-9
Suppose -37 = 12*z - 49*z. Let u(q) = 36*q - 1. Calculate u(z).
35
Let d(f) be the first derivative of -f**3/3 - 8*f**2 + 15*f + 68. What is d(-17)?
-2
Let h(u) = -u**3 - 7*u**2 - 7*u + 7. Suppose -18*t - 150 = -3*t. Let j be 5/t*(7 - -5). Give h(j).
13
Suppose 3*j - 37 = b + 6, -3*b - 51 = -3*j. Let y(x) = 14 + x - j + 0*x. Give y(-5).
-4
Let y(g) be the first derivative of g**3/3 - g**2/2 + 478. Let d be -1 + 0 + (2 - 1). What is y(d)?
0
Let d = 8 + -14. Let f be 4*-2*d/8. Let w(v) = 4*v**3 + 11*v**2 - 4*v + 10. Let k(q) = 5*q**3 + 12*q**2 - 5*q + 11. Let n(x) = -5*k(x) + 6*w(x). What is n(f)?
11
Let g be (-2 - (-8)/2)*10*1. Let z = g + -17. Let i(c) = c**2 - 3*c + 2. Calculate i(z).
2
Let v(t) = -2837*t - 2831*t + 5665*t + 6. Determine v(-5).
21
Let m(d) = d**2 - 7*d + 5. Suppose 11 = 4*z + 5*u - 24, 5*u - 20 = -z. What is m(z)?
-5
Let n(a) be the second derivative of 3*a**3 + 3*a**2/2 + 7*a. Determine n(1).
21
Let h(v) be the first derivative of -v**4/4 + 5*v**3/3 + v**2/2 + 3*v - 4. Let o(a) = a**2 - 20*a + 41. Let m be o(18). Calculate h(m).
8
Let v(c) = 4*c - 1. Let j be v(1). Let t(r) = -2 + 4*r - 7*r**2 + 0*r**2 - 154*r**3 + 155*r**j. Determine t(6).
-14
Let p(o) = -o + 9. Let t be p(5). Let j(g) be the first derivative of 1/3*g**3 - g**2 + 0*g + 4. Calculate j(t).
8
Let o be ((-28)/(-15) - 54/(-405)) + 4. Let l(i) = i**3 - 5*i**2 - 9*i + 6. What is l(o)?
-12
Let f(w) = 5*w - w**2 + 7 + 1 - 4. Let b be -3 + (-39)/(-12) + (-14)/(-8). Let n be b/(-3) - 56/(-12). What is f(n)?
8
Let b(m) = m**2 + 7*m. Let w = -41 + 43. Suppose -w + 9 = 3*n + 5*v, -5*n - 2*v = 20. Determine b(n).
-6
Let j be (-2)/(-4) - 3/(-2). Let m(n) = -n. Let l(d) = -4*d + 1. Let y(q) = l(q) + 3*m(q). Determine y(j).
-13
Let b(i) be the third derivative of -1/6*i**4 - 1/60*i**5 + 3*i**2 + 0*i + 0 + 1/2*i**3. Let t be b(-4). Let d(n) = -n**2 + 5*n - 4. Give d(t).
2
Let o(j) = -6*j**2 + j. Let g = 8 + -3. Suppose 2*q + 27 = g*a, -8*a + 25 = -3*a. Calculate o(q).
-7
Let s(n) = -n + 1. Let c(a) = -4*a + 6. Let t(u) = c(u) - 2*s(u). Determine t(3).
-2
Let z(g) = 4*g**3 - 3*g**2 + 2*g. Suppose -m - 12 = 15. Let h = -25 - m. Give z(h).
24
Let l(w) be the first derivative of -w**3/3 - 3*w**2 - 3*w + 7027. Let i(t) = t**2 + t - 4. Let r be i(0). What is l(r)?
5
Let w(s) = s**2 + 8*s + 5. Let o = 40 - 23. Let f = 23 - o. Suppose d - r - 37 = f*d, 2*d + 2*r + 10 = 0. What is w(d)?
5
Suppose 5*b = u + 10, -2*u + 10 = -0*u + 5*b. Let i be (2 - u)*1 - -3. Suppose i*h + 8 = -7. Let x(r) = -r**3 - 3*r**2 - 3. What is x(h)?
-3
Let o(g) = 2*g**2 + 12*g + 13. Let z(w) = -w - 1. Let j(d) = -o(d) - 5*z(d). Determine j(-4).
-12
Let a(w) = -5*w + 8. Let o = -21 + 8. Let q(s) = 11*s - 17. Let r(z) = o*a(z) - 6*q(z). Calculate r(-3).
1
Let t(s) = -s - 5*s**2 - 18 + 30 - s**3 - 4*s**2 - 16. Determine t(-9).
5
Let o be 23/(-138) + 1*(-43)/(-6). Let v(w) = -5*w**2 - w + 7. Let d(q) = 6*q**2 - 8. Let c(i) = o*v(i) + 6*d(i). Give c(4).
-11
Let o = -58 + 63. Let b(i) = i**3 - 11 + 8 - 6*i**2 + 5. Determine b(o).
-23
Let l = 2 - 2. Suppose -3*h - 3*b = -21, h - 14 = b - 3. Let q(o) = 9*o + o**2 - h*o. Calculate q(l).
0
Let c(r) = r**3 + 5*r**2 - r - 3. Suppose -b - 2*b = i + 27, 0 = 5*i + 4*b + 102. Let s = i - -1. Let o = -22 - s. Calculate c(o).
2
Let g = -1059 - -1053. Let n(d) = d**3 + 7*d**2 + 6*d - 4. What is n(g)?
-4
Let x(p) = -p**3 - 8*p**2 + 9*p - 5. Let a(s) = s. Let v(l) = -a(l) + x(l). Calculate v(-9).
4
Let k(s) = -2*s**3 - s**2 - 3*s + 3. Let y be k(1). Let i(f) be the third derivative of -f**5/60 - f**4/12 - f**3/6 - 7*f**2. Give i(y).
-4
Let t(o) = -o + 6. Let s be t(7). Let w(h) = 5*h. Let v be w(s). Let y(c) = 2 - 2 + 3 + 648*c**2 - 643*c**2 + 2*c**3 + 2*c - c**3. Give y(v).
-7
Let o(h) = -2*h - 2. Let i = 10 - 6. Suppose -5*y - 6*k = -k + 30, i*y - 3 = 5*k. Determine o(y).
4
Let w(u) = u**2 + 25*u + 53. Let r be w(-23). Let b(m) = 3*m + m - 8 - 3*m + 6. What is b(r)?
5
Let g(q) = 17*q + 23. Let v(s) = -31*s - 44. Let b(c) = -11*g(c) - 6*v(c). Calculate b(10).
1
Let k(a) = -a**3 + 5*a**2 - a - 3. Let m be (-9)/(-4)*((-374)/(-33) + -10). Determine k(m).
12
Let u be (-8)/6 - 70*(-12)/(-180). Let k(c) = c**2 + 9*c + 15. What is k(u)?
-3
Let s = -153 + 155. Let o(c) = c - 2. Determine o(s).
0
Let j = -10 + 15. Let t = 2 - j. Let f(g) = g + 4*g - 2*g - 5*g - 1. Calculate f(t).
5
Let z = -525 - -532. Let r(s) = s**2 - 5*s - 1. Determine r(z).
13
Let f be (-7)/(-2) + 1/2. Let z(n) = 1 + n**3 - 2*n**2 - f*n + 0 + n. Let b be (-6)/14*(5 + -12). Calculate z(b).
1
Let k(y) = y**2 - y - 6. Let a(r) be the first derivative of -3*r**2/2 + 5*r + 12. Let u be a(-5). Suppose 35 = 2*x + x - 4*n, -2*n - u = -2*x. Calculate k(x).
14
Let j(n) = -2 + n - 418*n**3 + 186*n**3 + 233*n**3 + 2*n**2. Let f = 6 - 8. What is j(f)?
-4
Let x(t) = 3*t - 1. Suppose -5*y + 2*y - 3 = 0, 5*u - 2*y - 22 = 0. What is x(u)?
11
Suppose -4*u - 2*h - 22 = -2*u, -3*u - 39 = 5*h. Let d(x) = -17*x - 24. Let y(b) = -7*b - 11. Let k(l) = -2*d(l) + 5*y(l). What is k(u)?
1
Let k be 4/3 - 20/(-12). Suppose 2 = 4*x - j + k, -3 = 3*x - 3*j. Let z(c) = 2*c + 1. Give z(x).
1
Let y(w) = 9*w**2 + 2*w + 5. Let z(o) = -19*o**2 - 4*o - 11. Let a(k) = -13*y(k) - 6*z(k). Determine a(-2).
-7
Let d(p) be the third derivative of 0 + 1/10*p**5 + 33*p**2 + 1/120*p**6 - 5/24*p**4 + 4/3*p**3 + 0*p. Determine d(-7).
-6
Let b = -2 + 2. Suppose 0 = 5*l + 1941 - 6511. Let y(v) = -455 - 457 + l + v. What is y(b)?
2
Let h(r) = r + 5. Suppose -4 = 2*v - 26. Give h(v).
16
Let x(a) be the third derivative of 0 + 0*a**4 + 4*a**2 + 0*a + 0*a**3 - 1/60*a**5. Let w be 30/(-135) + (-7)/9. Give x(w).
-1
Let p(m) = 3*m**3 + 15*m**2 + 9*m + 9. Let f(z) = -z**3 - 5*z**2 - 3*z - 3. Let g(u) = -8*f(u) - 3*p(u). Calculate g(-4).
-7
Let b(s) be the first derivative of s**2 + 12*s + 45. Give b(-9).
-6
Let a(m) be the first derivative of m**6/120 + m**5/20 - m**4/24 - m**3/6 - 4*m**2 - 23. Let i(h) be the second derivative of a(h). Give i(-3).
2
Let y be (-2)/((-48)/20 - -2). Suppose 5*w = -4*v + 20, -v + 4*w = -0*v - y. Let t(f) be the second derivative of f**3/3 - 3*f**2 - 4*f. Determine t(v).
4
Let t(u) = -2*u**3 + u**2 + u - 1. Let p(k) = -2*k**3 + 2*k**2 + 2*k - 1. Let y(j) = -3*p(j) + 4*t(j). Suppose -7 = 5*c + 18. Let w = 3 + c. Give y(w).
11
Let y(k) = -2 - 3*k**3 + 8*k**2 - 4 + k + 8 + 4*k**3 - 7. Determine y(-8).
-13
Let m(b) = b**2 + 3*b - 4. Suppose -l + 3*s = 1 + 2, 2 = 2*l - 2*s. Suppose l*c + 34 = 16. Calculate m(c).
14
Let n(d) be the third derivative of -d**6/120 - d**5/12 + d**4/8 - d**3 + 6*d**2 + 8. Calculate n(-6).
12
Suppose -4*l + 8 = 3*h + 37, -2*l + 5 = -5*h. Let i(p) = -5*p**2 - 3*p + 2. Determine i(h).
-34
Let t(i) = 6*i + 3 + 479*i**3 - 480*i**3 - 5*i**2 - 2. Let l = -16 + 10. Determine t(l).
1
Let w(k) = 2*k - 1. Let i(a) = -9*a + 4. Let d(s) = -i(s) - 5*w(s). Give d(4).
-3
Suppose 114*p + 504 = 150*p. Let f(g) = g**2 - 15*g + 13. Determine f(p).
-1
Let g(t) = -t**3 + 10*t**2 - 16*t + 1. Let o(d) = -4*d**3 + 40*d**2 - 66*d + 1. Let k(p) = 9*g(p) - 2*o(p). Determine k(8).
39
Let a(k) be the first derivative of 5*k**4/24 + k**3/6 - 19*k**2/2 + 5. Let v(c) be the second derivative of a(c). Determine v(2).
11
Let p(g) be the first derivative of g**3/3 - 7*g**2 + 24*g - 240. Determine p(12).
0
Let o(k) = -2*k - 2. Let v(n) = 7*n + 23. Let w(b) = -4*o(b) - v(b). What is w(7)?
-8
Suppose -62*h - h - 61*h = 124. Let x(k) = k**3 - k**2 - k - 1. Let j(n) = 14*n**3 - n**2 - 1. Let b(m) = -j(m) + 2*x(m). Calculate b(h).
12
Let f(q) = 0*q + 7899 - q - 7877. Determine f(-10).
32
Let z(a) be the second derivative of -a**6/60 - a**5/30 - a**4/24 - 23*a**2/2 + 13*a. Let g(l) be the first derivative of z(l). Let c = -6 - -4. Determine g(c).
10
Let k(n) be the second derivative of -n**4/12 + n**3/3 - 2*n**